{"id":8762,"date":"2023-12-11T13:30:08","date_gmt":"2023-12-11T12:30:08","guid":{"rendered":"https:\/\/clg-peguy-lechesnay.ac-versailles.fr\/?page_id=8762"},"modified":"2024-07-07T20:14:06","modified_gmt":"2024-07-07T18:14:06","slug":"webradio-saison-3%ef%b8%8f%e2%83%a3","status":"publish","type":"page","link":"https:\/\/clg-peguy-lechesnay.ac-versailles.fr\/?page_id=8762","title":{"rendered":"Club Multim\u00e9dias saison 3\ufe0f\u20e3"},"content":{"rendered":"\n<div class=\"wp-block-columns is-layout-flex wp-container-core-columns-is-layout-7387b849 wp-block-columns-is-layout-flex\">\n<div class=\"wp-block-column is-layout-flow wp-block-column-is-layout-flow\" style=\"flex-basis:30%\">\n<figure class=\"wp-block-image size-large\"><img loading=\"lazy\" decoding=\"async\" width=\"1024\" height=\"576\" src=\"https:\/\/clg-peguy-lechesnay.ac-versailles.fr\/wp-content\/uploads\/sites\/308\/2024\/07\/Webradio-1024x576.png\" alt=\"\" class=\"wp-image-9596\" srcset=\"https:\/\/clg-peguy-lechesnay.ac-versailles.fr\/wp-content\/uploads\/sites\/308\/2024\/07\/Webradio-1024x576.png 1024w, https:\/\/clg-peguy-lechesnay.ac-versailles.fr\/wp-content\/uploads\/sites\/308\/2024\/07\/Webradio-500x281.png 500w, https:\/\/clg-peguy-lechesnay.ac-versailles.fr\/wp-content\/uploads\/sites\/308\/2024\/07\/Webradio-768x432.png 768w, https:\/\/clg-peguy-lechesnay.ac-versailles.fr\/wp-content\/uploads\/sites\/308\/2024\/07\/Webradio-1536x864.png 1536w, https:\/\/clg-peguy-lechesnay.ac-versailles.fr\/wp-content\/uploads\/sites\/308\/2024\/07\/Webradio.png 1920w\" sizes=\"auto, (max-width: 1024px) 100vw, 1024px\" \/><\/figure>\n\n\n\n<h6 class=\"wp-block-heading has-text-align-center has-pale-ocean-gradient-background has-background\">\u203c\ufe0f Le club webradio devient club multim\u00e9dias<\/h6>\n\n\n\n<figure class=\"wp-block-image size-large\"><img loading=\"lazy\" decoding=\"async\" width=\"1024\" height=\"576\" src=\"https:\/\/clg-peguy-lechesnay.ac-versailles.fr\/wp-content\/uploads\/sites\/308\/2023\/12\/Webradio-2-1024x576.png\" alt=\"\" class=\"wp-image-8767\" srcset=\"https:\/\/clg-peguy-lechesnay.ac-versailles.fr\/wp-content\/uploads\/sites\/308\/2023\/12\/Webradio-2-1024x576.png 1024w, https:\/\/clg-peguy-lechesnay.ac-versailles.fr\/wp-content\/uploads\/sites\/308\/2023\/12\/Webradio-2-500x281.png 500w, https:\/\/clg-peguy-lechesnay.ac-versailles.fr\/wp-content\/uploads\/sites\/308\/2023\/12\/Webradio-2-768x432.png 768w, https:\/\/clg-peguy-lechesnay.ac-versailles.fr\/wp-content\/uploads\/sites\/308\/2023\/12\/Webradio-2-1536x864.png 1536w, https:\/\/clg-peguy-lechesnay.ac-versailles.fr\/wp-content\/uploads\/sites\/308\/2023\/12\/Webradio-2.png 1920w\" sizes=\"auto, (max-width: 1024px) 100vw, 1024px\" \/><\/figure>\n\n\n\n<div style=\"height:10px\" aria-hidden=\"true\" class=\"wp-block-spacer\"><\/div>\n\n\n\n<figure class=\"wp-block-image size-full\"><img loading=\"lazy\" decoding=\"async\" width=\"800\" height=\"445\" src=\"https:\/\/clg-peguy-lechesnay.ac-versailles.fr\/wp-content\/uploads\/sites\/308\/2023\/12\/affiche-800x445-1.jpg\" alt=\"\" class=\"wp-image-8768\" srcset=\"https:\/\/clg-peguy-lechesnay.ac-versailles.fr\/wp-content\/uploads\/sites\/308\/2023\/12\/affiche-800x445-1.jpg 800w, https:\/\/clg-peguy-lechesnay.ac-versailles.fr\/wp-content\/uploads\/sites\/308\/2023\/12\/affiche-800x445-1-500x278.jpg 500w, https:\/\/clg-peguy-lechesnay.ac-versailles.fr\/wp-content\/uploads\/sites\/308\/2023\/12\/affiche-800x445-1-768x427.jpg 768w\" sizes=\"auto, (max-width: 800px) 100vw, 800px\" \/><\/figure>\n\n\n\n<hr class=\"wp-block-separator has-alpha-channel-opacity has-electric-grass-gradient-background has-background is-style-default\" \/>\n<\/div>\n\n\n\n<div class=\"wp-block-column is-layout-flow wp-block-column-is-layout-flow\" style=\"flex-basis:70%\">\n<div class=\"wp-block-group is-layout-constrained wp-block-group-is-layout-constrained\">\n<h3 class=\"wp-block-heading has-black-color has-text-color has-link-color has-medium-font-size wp-elements-563e41da3f8fd97972c3ed3d0153d2b4\" style=\"text-transform:uppercase\">\ud83d\udcfd\ufe0f <strong>\u00c9pisode 2. <mark style=\"background-color:#ffffff\" class=\"has-inline-color has-vivid-green-cyan-color\"> POKEMON \u00e9carlate et violet (jeu 2022)<\/mark><\/strong><\/h3>\n\n\n\n<figure class=\"wp-block-embed aligncenter is-type-wp-embed is-provider-peertube wp-block-embed-peertube\" style=\"margin-top:0;margin-right:0;margin-bottom:0;margin-left:0\"><div class=\"wp-block-embed__wrapper\">\n<iframe loading=\"lazy\" class=\"wp-embedded-content\" sandbox=\"allow-scripts\" security=\"restricted\" title=\"Club multi m\u00e9dias vid\u00e9o 2\" width=\"560\" height=\"315\" src=\"https:\/\/tube-education-physique-et-sportive.apps.education.fr\/videos\/embed\/ff07d607-fa87-469a-bbe4-7f864fc924bd#?secret=QiXLGUnQ7H\" data-secret=\"QiXLGUnQ7H\" frameborder=\"0\"><\/iframe>\n<\/div><\/figure>\n\n\n\n<h3 class=\"wp-block-heading has-black-color has-text-color has-link-color has-medium-font-size wp-elements-a3fbe8da76ed4700ae35bf639714c097\" style=\"text-transform:uppercase\">\ud83d\udcfd\ufe0f <strong>\u00c9pisode 1. <mark style=\"background-color:#ffffff\" class=\"has-inline-color has-vivid-green-cyan-color\"> POOPY 3<\/mark><\/strong><\/h3>\n\n\n\n<figure class=\"wp-block-embed aligncenter is-type-wp-embed is-provider-peertube wp-block-embed-peertube\" style=\"margin-top:var(--wp--preset--spacing--20);margin-right:0;margin-bottom:var(--wp--preset--spacing--20);margin-left:0\"><div class=\"wp-block-embed__wrapper\">\nhttps:\/\/tube-education-physique-et-sportive.apps.education.fr\/w\/vUyskGFmcTiM4DGy34UvDp\n<\/div><\/figure>\n\n\n\n<div class=\"wp-block-group is-layout-constrained wp-block-group-is-layout-constrained\">\n<div style=\"height:10px\" aria-hidden=\"true\" class=\"wp-block-spacer\"><\/div>\n<\/div>\n<\/div>\n\n\n\n<div style=\"height:20px\" aria-hidden=\"true\" class=\"wp-block-spacer\"><\/div>\n\n\n\n<div class=\"wp-block-group is-layout-constrained wp-block-group-is-layout-constrained\">\n<h3 class=\"wp-block-heading has-black-color has-text-color has-link-color has-medium-font-size wp-elements-d4487e87003d02dbc49259d74fc312a8\" style=\"text-transform:uppercase\">\ud83c\udf99\ufe0f <strong>\u00c9pisode 7. <mark style=\"background-color:#ffffff\" class=\"has-inline-color has-vivid-green-cyan-color\"> Les Trois Mousquetaires<\/mark><\/strong><\/h3>\n\n\n\n<figure class=\"wp-block-audio\"><audio controls src=\"https:\/\/clg-peguy-lechesnay.ac-versailles.fr\/wp-content\/uploads\/sites\/308\/2024\/01\/Resto-du-coeur-montage-termine.mp3\" preload=\"metadata\"><\/audio><\/figure>\n\n\n\n<div class=\"wp-block-media-text has-media-on-the-right is-stacked-on-mobile\" style=\"grid-template-columns:auto 15%\"><div class=\"wp-block-media-text__content\">\n<p class=\"has-electric-grass-gradient-background has-background wp-block-paragraph\">Tous les \u00e9l\u00e8ves de 4e ont eu la chance de se rendre au cin\u00e9ma pour aller voir le second volet des Trois Mousquetaires. Nos journalistes sont all\u00e9s enqu\u00eater.<\/p>\n<\/div><figure class=\"wp-block-media-text__media\"><img loading=\"lazy\" decoding=\"async\" width=\"193\" height=\"262\" src=\"https:\/\/clg-peguy-lechesnay.ac-versailles.fr\/wp-content\/uploads\/sites\/308\/2024\/02\/telechargement.jpeg\" alt=\"\" class=\"wp-image-8960 size-full\" \/><\/figure><\/div>\n\n\n\n<hr class=\"wp-block-separator has-text-color has-light-green-cyan-color has-alpha-channel-opacity has-light-green-cyan-background-color has-background is-style-wide\" \/>\n\n\n\n<h3 class=\"wp-block-heading has-black-color has-text-color has-link-color has-medium-font-size wp-elements-0915a090405f021d1ae9b4a1340d8621\" style=\"text-transform:uppercase\">\ud83c\udf99\ufe0f <strong>\u00c9pisode 6. <mark style=\"background-color:#ffffff\" class=\"has-inline-color has-vivid-green-cyan-color\"> COLLECTE RESTO DU COEUR<\/mark><\/strong><\/h3>\n\n\n\n<figure class=\"wp-block-audio\"><audio controls src=\"https:\/\/clg-peguy-lechesnay.ac-versailles.fr\/wp-content\/uploads\/sites\/308\/2024\/02\/podcast-sortie-4e-termine.mp3\" preload=\"metadata\"><\/audio><\/figure>\n\n\n\n<div class=\"wp-block-media-text has-media-on-the-right is-stacked-on-mobile\" style=\"grid-template-columns:auto 15%\"><div class=\"wp-block-media-text__content\">\n<p class=\"has-electric-grass-gradient-background has-background wp-block-paragraph\">Comme tous les ans, une collecte pour les Restos du Coeur a \u00e9t\u00e9 organis\u00e9e en d\u00e9cembre. Les journalistes webradio vous en disent plus. Bravo \u00e0 Youssef pour ce premier montage tr\u00e8s r\u00e9ussi !<\/p>\n<\/div><figure class=\"wp-block-media-text__media\"><img loading=\"lazy\" decoding=\"async\" width=\"1024\" height=\"1024\" src=\"https:\/\/clg-peguy-lechesnay.ac-versailles.fr\/wp-content\/uploads\/sites\/308\/2024\/01\/logo-les-restos-du-coeur-1024x1024-1.png\" alt=\"\" class=\"wp-image-8937 size-full\" srcset=\"https:\/\/clg-peguy-lechesnay.ac-versailles.fr\/wp-content\/uploads\/sites\/308\/2024\/01\/logo-les-restos-du-coeur-1024x1024-1.png 1024w, https:\/\/clg-peguy-lechesnay.ac-versailles.fr\/wp-content\/uploads\/sites\/308\/2024\/01\/logo-les-restos-du-coeur-1024x1024-1-300x300.png 300w, https:\/\/clg-peguy-lechesnay.ac-versailles.fr\/wp-content\/uploads\/sites\/308\/2024\/01\/logo-les-restos-du-coeur-1024x1024-1-200x200.png 200w, https:\/\/clg-peguy-lechesnay.ac-versailles.fr\/wp-content\/uploads\/sites\/308\/2024\/01\/logo-les-restos-du-coeur-1024x1024-1-768x768.png 768w, https:\/\/clg-peguy-lechesnay.ac-versailles.fr\/wp-content\/uploads\/sites\/308\/2024\/01\/logo-les-restos-du-coeur-1024x1024-1-150x150.png 150w\" sizes=\"auto, (max-width: 1024px) 100vw, 1024px\" \/><\/figure><\/div>\n\n\n\n<hr class=\"wp-block-separator has-text-color has-light-green-cyan-color has-alpha-channel-opacity has-light-green-cyan-background-color has-background is-style-wide\" \/>\n\n\n\n<h3 class=\"wp-block-heading has-black-color has-text-color has-link-color has-medium-font-size wp-elements-59cdc6471be31bfdb9312a8749ba7b9b\" style=\"text-transform:uppercase\">\ud83c\udf99\ufe0f <strong>\u00c9pisode 5. <mark style=\"background-color:#ffffff\" class=\"has-inline-color has-vivid-green-cyan-color\">CLUB LECTURE<\/mark><\/strong><\/h3>\n\n\n\n<figure class=\"wp-block-audio\"><audio controls src=\"https:\/\/clg-peguy-lechesnay.ac-versailles.fr\/wp-content\/uploads\/sites\/308\/2024\/01\/Podcast-club-lecture-montage-termine.mp3\" preload=\"metadata\"><\/audio><\/figure>\n\n\n\n<div class=\"wp-block-media-text has-media-on-the-right is-stacked-on-mobile\" style=\"grid-template-columns:auto 15%\"><div class=\"wp-block-media-text__content\">\n<p class=\"has-electric-grass-gradient-background has-background wp-block-paragraph\">Un club lecture a \u00e9t\u00e9 cr\u00e9\u00e9 au coll\u00e8ge cette ann\u00e9e, et attire beaucoup d&rsquo;\u00e9l\u00e8ves. Les journalistes webradio sont all\u00e9s enqu\u00eater. Bravo \u00e0 Is\u00e9e et Gwenma\u00eblle pour ce premier montage tr\u00e8s r\u00e9ussi ! <\/p>\n<\/div><figure class=\"wp-block-media-text__media\"><img loading=\"lazy\" decoding=\"async\" width=\"1024\" height=\"1024\" src=\"https:\/\/clg-peguy-lechesnay.ac-versailles.fr\/wp-content\/uploads\/sites\/308\/2024\/01\/17274006_149_Ym9vay0yLTIw-1024x1024.jpg\" alt=\"\" class=\"wp-image-8930 size-full\" srcset=\"https:\/\/clg-peguy-lechesnay.ac-versailles.fr\/wp-content\/uploads\/sites\/308\/2024\/01\/17274006_149_Ym9vay0yLTIw-1024x1024.jpg 1024w, https:\/\/clg-peguy-lechesnay.ac-versailles.fr\/wp-content\/uploads\/sites\/308\/2024\/01\/17274006_149_Ym9vay0yLTIw-300x300.jpg 300w, https:\/\/clg-peguy-lechesnay.ac-versailles.fr\/wp-content\/uploads\/sites\/308\/2024\/01\/17274006_149_Ym9vay0yLTIw-200x200.jpg 200w, https:\/\/clg-peguy-lechesnay.ac-versailles.fr\/wp-content\/uploads\/sites\/308\/2024\/01\/17274006_149_Ym9vay0yLTIw-768x768.jpg 768w, https:\/\/clg-peguy-lechesnay.ac-versailles.fr\/wp-content\/uploads\/sites\/308\/2024\/01\/17274006_149_Ym9vay0yLTIw-1536x1536.jpg 1536w, https:\/\/clg-peguy-lechesnay.ac-versailles.fr\/wp-content\/uploads\/sites\/308\/2024\/01\/17274006_149_Ym9vay0yLTIw-150x150.jpg 150w\" sizes=\"auto, (max-width: 1024px) 100vw, 1024px\" \/><\/figure><\/div>\n\n\n\n<hr class=\"wp-block-separator has-text-color has-light-green-cyan-color has-alpha-channel-opacity has-light-green-cyan-background-color has-background is-style-wide\" \/>\n\n\n\n<h3 class=\"wp-block-heading has-black-color has-text-color has-link-color has-medium-font-size wp-elements-7692b6c087963a934d5c49f7d5c067da\" style=\"text-transform:uppercase\">\ud83c\udf99\ufe0f <strong>\u00c9pisode 4. <mark style=\"background-color:#ffffff\" class=\"has-inline-color has-vivid-green-cyan-color\">Voyage AS 2024<\/mark><\/strong><\/h3>\n\n\n\n<figure class=\"wp-block-audio\"><audio controls src=\"https:\/\/clg-peguy-lechesnay.ac-versailles.fr\/wp-content\/uploads\/sites\/308\/2024\/01\/Podcast-voyage-AS-tremine.mp3\" preload=\"metadata\"><\/audio><\/figure>\n\n\n\n<div class=\"wp-block-media-text has-media-on-the-right is-stacked-on-mobile\" style=\"grid-template-columns:auto 15%\"><div class=\"wp-block-media-text__content\">\n<p class=\"has-electric-grass-gradient-background has-background wp-block-paragraph\">Notre journaliste Lisandro s&rsquo;est rendu \u00e0 la r\u00e9union d&rsquo;information du voyage AS 2024. Voici les derni\u00e8res informations. Bonne \u00e9coute !<\/p>\n<\/div><figure class=\"wp-block-media-text__media\"><img loading=\"lazy\" decoding=\"async\" width=\"554\" height=\"455\" src=\"https:\/\/clg-peguy-lechesnay.ac-versailles.fr\/wp-content\/uploads\/sites\/308\/2024\/01\/Fichier-1Bus.png\" alt=\"\" class=\"wp-image-8927 size-full\" srcset=\"https:\/\/clg-peguy-lechesnay.ac-versailles.fr\/wp-content\/uploads\/sites\/308\/2024\/01\/Fichier-1Bus.png 554w, https:\/\/clg-peguy-lechesnay.ac-versailles.fr\/wp-content\/uploads\/sites\/308\/2024\/01\/Fichier-1Bus-365x300.png 365w\" sizes=\"auto, (max-width: 554px) 100vw, 554px\" \/><\/figure><\/div>\n\n\n\n<hr class=\"wp-block-separator has-text-color has-light-green-cyan-color has-alpha-channel-opacity has-light-green-cyan-background-color has-background is-style-wide\" \/>\n\n\n\n<h3 class=\"wp-block-heading has-black-color has-text-color has-link-color has-medium-font-size wp-elements-bd7a69d894ed87d6f05075fb0925b015\" style=\"text-transform:uppercase\">\ud83c\udf99\ufe0f <strong>\u00c9pisode 3. <mark style=\"background-color:#ffffff\" class=\"has-inline-color has-vivid-green-cyan-color\">OUVERTURE DE LA RESSOURCERIE<\/mark><\/strong><\/h3>\n\n\n\n<figure class=\"wp-block-audio\"><audio controls src=\"https:\/\/clg-peguy-lechesnay.ac-versailles.fr\/wp-content\/uploads\/sites\/308\/2023\/12\/Podcast-ressourcerie-montage-termine.mp3\" preload=\"metadata\"><\/audio><\/figure>\n\n\n\n<div class=\"wp-block-media-text has-media-on-the-right is-stacked-on-mobile\" style=\"grid-template-columns:auto 15%\"><div class=\"wp-block-media-text__content\">\n<p class=\"has-electric-grass-gradient-background has-background wp-block-paragraph\">Les journalistes webradio sont all\u00e9s chercher des informations concernant l&rsquo;ouverture de la ressourcerie. Bonne \u00e9coute !<\/p>\n<\/div><figure class=\"wp-block-media-text__media\"><img loading=\"lazy\" decoding=\"async\" width=\"1024\" height=\"821\" src=\"https:\/\/clg-peguy-lechesnay.ac-versailles.fr\/wp-content\/uploads\/sites\/308\/2023\/12\/40277-1024x821.jpg\" alt=\"\" class=\"wp-image-8800 size-full\" srcset=\"https:\/\/clg-peguy-lechesnay.ac-versailles.fr\/wp-content\/uploads\/sites\/308\/2023\/12\/40277-1024x821.jpg 1024w, https:\/\/clg-peguy-lechesnay.ac-versailles.fr\/wp-content\/uploads\/sites\/308\/2023\/12\/40277-374x300.jpg 374w, https:\/\/clg-peguy-lechesnay.ac-versailles.fr\/wp-content\/uploads\/sites\/308\/2023\/12\/40277-768x616.jpg 768w, https:\/\/clg-peguy-lechesnay.ac-versailles.fr\/wp-content\/uploads\/sites\/308\/2023\/12\/40277-1536x1232.jpg 1536w, https:\/\/clg-peguy-lechesnay.ac-versailles.fr\/wp-content\/uploads\/sites\/308\/2023\/12\/40277-2048x1643.jpg 2048w\" sizes=\"auto, (max-width: 1024px) 100vw, 1024px\" \/><\/figure><\/div>\n\n\n\n<hr class=\"wp-block-separator has-text-color has-light-green-cyan-color has-alpha-channel-opacity has-light-green-cyan-background-color has-background is-style-wide\" \/>\n\n\n\n<div style=\"height:10px\" aria-hidden=\"true\" class=\"wp-block-spacer\"><\/div>\n\n\n\n<h3 class=\"wp-block-heading has-black-color has-text-color has-link-color has-medium-font-size wp-elements-b20e1189eb0c717857d11a2def96aeee\" style=\"text-transform:uppercase\">\ud83c\udf99\ufe0f <strong>\u00c9pisode 2. <mark style=\"background-color:#ffffff\" class=\"has-inline-color has-vivid-green-cyan-color\">Pr\u00e9paration conseil d&rsquo;administration<\/mark><\/strong><\/h3>\n\n\n\n<figure class=\"wp-block-audio\"><audio controls src=\"https:\/\/clg-peguy-lechesnay.ac-versailles.fr\/wp-content\/uploads\/sites\/308\/2023\/12\/Podcast-CA-montage-termine.mp3\"><\/audio><\/figure>\n\n\n\n<div class=\"wp-block-media-text has-media-on-the-right is-stacked-on-mobile\" style=\"grid-template-columns:auto 15%\"><div class=\"wp-block-media-text__content\">\n<p class=\"has-electric-grass-gradient-background has-background wp-block-paragraph\">A l&rsquo;occasion du premier conseil d&rsquo;administration de l&rsquo;ann\u00e9e, les journalistes webradio sont all\u00e9s de renseigner sur le fonctionnement de cette r\u00e9union. Montage r\u00e9alis\u00e9 par Armel. Bravo \u00e0 lui ! Bonne \u00e9coute !<\/p>\n<\/div><figure class=\"wp-block-media-text__media\"><img loading=\"lazy\" decoding=\"async\" width=\"1024\" height=\"1024\" src=\"https:\/\/clg-peguy-lechesnay.ac-versailles.fr\/wp-content\/uploads\/sites\/308\/2023\/12\/3074320-1024x1024.jpg\" alt=\"\" class=\"wp-image-8794 size-full\" srcset=\"https:\/\/clg-peguy-lechesnay.ac-versailles.fr\/wp-content\/uploads\/sites\/308\/2023\/12\/3074320-1024x1024.jpg 1024w, https:\/\/clg-peguy-lechesnay.ac-versailles.fr\/wp-content\/uploads\/sites\/308\/2023\/12\/3074320-300x300.jpg 300w, https:\/\/clg-peguy-lechesnay.ac-versailles.fr\/wp-content\/uploads\/sites\/308\/2023\/12\/3074320-200x200.jpg 200w, https:\/\/clg-peguy-lechesnay.ac-versailles.fr\/wp-content\/uploads\/sites\/308\/2023\/12\/3074320-768x768.jpg 768w, https:\/\/clg-peguy-lechesnay.ac-versailles.fr\/wp-content\/uploads\/sites\/308\/2023\/12\/3074320-1536x1536.jpg 1536w, https:\/\/clg-peguy-lechesnay.ac-versailles.fr\/wp-content\/uploads\/sites\/308\/2023\/12\/3074320-150x150.jpg 150w, https:\/\/clg-peguy-lechesnay.ac-versailles.fr\/wp-content\/uploads\/sites\/308\/2023\/12\/3074320.jpg 2000w\" sizes=\"auto, (max-width: 1024px) 100vw, 1024px\" \/><\/figure><\/div>\n\n\n\n<div style=\"height:10px\" aria-hidden=\"true\" class=\"wp-block-spacer\"><\/div>\n\n\n\n<div class=\"wp-block-columns is-layout-flex wp-container-core-columns-is-layout-7387b849 wp-block-columns-is-layout-flex\">\n<div class=\"wp-block-column is-layout-flow wp-block-column-is-layout-flow\">\n<hr class=\"wp-block-separator aligncenter has-text-color has-light-green-cyan-color has-alpha-channel-opacity has-light-green-cyan-background-color has-background is-style-wide\" style=\"margin-top:var(--wp--preset--spacing--20);margin-bottom:var(--wp--preset--spacing--20)\" \/>\n<\/div>\n<\/div>\n\n\n\n<div style=\"height:10px\" aria-hidden=\"true\" class=\"wp-block-spacer\"><\/div>\n\n\n\n<div class=\"wp-block-group is-layout-constrained wp-block-group-is-layout-constrained\">\n<div style=\"height:10px\" aria-hidden=\"true\" class=\"wp-block-spacer\"><\/div>\n<\/div>\n\n\n\n<h3 class=\"wp-block-heading has-black-color has-text-color has-link-color has-medium-font-size wp-elements-fd296121d2934f7a7acb64084b98627f\" style=\"text-transform:uppercase\">\ud83c\udf99\ufe0f <strong>\u00c9pisode 1. <mark style=\"background-color:#ffffff\" class=\"has-inline-color has-vivid-green-cyan-color\">Journ\u00e9e contre le harcelement scolaire<\/mark><\/strong><\/h3>\n\n\n\n<figure class=\"wp-block-audio\"><audio controls src=\"https:\/\/clg-peguy-lechesnay.ac-versailles.fr\/wp-content\/uploads\/sites\/308\/2023\/12\/Podcast-journee-contre-le-harcelement-1.mp3\"><\/audio><\/figure>\n\n\n\n<div class=\"wp-block-media-text has-media-on-the-right is-stacked-on-mobile\" style=\"grid-template-columns:auto 15%\"><div class=\"wp-block-media-text__content\">\n<p class=\"has-electric-grass-gradient-background has-background wp-block-paragraph\">Pour ce premier podcast de la saison 3 de Radio Peguy, la nouvelle \u00e9quipe est partie enqu\u00eater sur la journ\u00e9e contre le harc\u00e8lement scolaire. Bravo \u00e0 Is\u00e9e et Gwenma\u00eblle pour cette premi\u00e8re prestation ! Bonne \u00e9coute.<\/p>\n<\/div><figure class=\"wp-block-media-text__media\"><img decoding=\"async\" src=\"https:\/\/clg-peguy-lechesnay.ac-versailles.fr\/wp-content\/uploads\/sites\/308\/2023\/12\/mono_2_child_abuse_5.jpg\" alt=\"\" class=\"wp-image-8776 size-full\" \/><\/figure><\/div>\n<\/div>\n\n\n\n<hr class=\"wp-block-separator has-alpha-channel-opacity\" \/>\n<\/div>\n<\/div>\n","protected":false},"excerpt":{"rendered":"<p>\u203c\ufe0f Le club webradio devient club multim\u00e9dias \ud83d\udcfd\ufe0f \u00c9pisode 2. POKEMON \u00e9carlate et violet (jeu 2022) \ud83d\udcfd\ufe0f \u00c9pisode 1. POOPY<\/p>\n","protected":false},"author":2028,"featured_media":0,"parent":0,"menu_order":0,"comment_status":"closed","ping_status":"closed","template":"","meta":{"colormag_page_container_layout":"no_sidebar_full_width","colormag_page_sidebar_layout":"no_sidebar","_crdt_document":"","footnotes":""},"class_list":["post-8762","page","type-page","status-publish","hentry"],"_links":{"self":[{"href":"https:\/\/clg-peguy-lechesnay.ac-versailles.fr\/index.php?rest_route=\/wp\/v2\/pages\/8762","targetHints":{"allow":["GET"]}}],"collection":[{"href":"https:\/\/clg-peguy-lechesnay.ac-versailles.fr\/index.php?rest_route=\/wp\/v2\/pages"}],"about":[{"href":"https:\/\/clg-peguy-lechesnay.ac-versailles.fr\/index.php?rest_route=\/wp\/v2\/types\/page"}],"author":[{"embeddable":true,"href":"https:\/\/clg-peguy-lechesnay.ac-versailles.fr\/index.php?rest_route=\/wp\/v2\/users\/2028"}],"replies":[{"embeddable":true,"href":"https:\/\/clg-peguy-lechesnay.ac-versailles.fr\/index.php?rest_route=%2Fwp%2Fv2%2Fcomments&post=8762"}],"version-history":[{"count":10,"href":"https:\/\/clg-peguy-lechesnay.ac-versailles.fr\/index.php?rest_route=\/wp\/v2\/pages\/8762\/revisions"}],"predecessor-version":[{"id":9625,"href":"https:\/\/clg-peguy-lechesnay.ac-versailles.fr\/index.php?rest_route=\/wp\/v2\/pages\/8762\/revisions\/9625"}],"wp:attachment":[{"href":"https:\/\/clg-peguy-lechesnay.ac-versailles.fr\/index.php?rest_route=%2Fwp%2Fv2%2Fmedia&parent=8762"}],"curies":[{"name":"wp","href":"https:\/\/api.w.org\/{rel}","templated":true}]}}