{"id":808,"date":"2019-03-24T13:55:16","date_gmt":"2019-03-24T12:55:16","guid":{"rendered":"http:\/\/www.clg-peguy-lechesnay.ac-versailles.fr\/?page_id=808"},"modified":"2026-03-26T07:37:41","modified_gmt":"2026-03-26T06:37:41","slug":"lequipe-de-direction-2","status":"publish","type":"page","link":"https:\/\/clg-peguy-lechesnay.ac-versailles.fr\/?page_id=808","title":{"rendered":"L&rsquo;\u00e9quipe de direction"},"content":{"rendered":"<div id=\"pl-808\"  class=\"panel-layout\" ><div id=\"pg-808-0\"  class=\"panel-grid panel-no-style\" ><div id=\"pgc-808-0-0\"  class=\"panel-grid-cell\" ><div id=\"panel-808-0-0-0\" class=\"so-panel widget widget_sow-editor panel-first-child panel-last-child\" data-index=\"0\" ><div\n\t\t\t\n\t\t\tclass=\"so-widget-sow-editor so-widget-sow-editor-base\"\n\t\t\t\n\t\t>\n<div class=\"siteorigin-widget-tinymce textwidget\">\n\t<p><img loading=\"lazy\" decoding=\"async\" class=\"wp-image-998 aligncenter\" src=\"https:\/\/clg-peguy-lechesnay.ac-versailles.fr\/wp-content\/uploads\/sites\/308\/2019\/03\/35965-1-1024x500.jpg\" alt=\"\" width=\"546\" height=\"267\" srcset=\"https:\/\/clg-peguy-lechesnay.ac-versailles.fr\/wp-content\/uploads\/sites\/308\/2019\/03\/35965-1-1024x500.jpg 1024w, https:\/\/clg-peguy-lechesnay.ac-versailles.fr\/wp-content\/uploads\/sites\/308\/2019\/03\/35965-1-500x244.jpg 500w, https:\/\/clg-peguy-lechesnay.ac-versailles.fr\/wp-content\/uploads\/sites\/308\/2019\/03\/35965-1-768x375.jpg 768w\" sizes=\"auto, (max-width: 546px) 100vw, 546px\" \/><\/p>\n<ul>\n<li>M. <strong>BERASATEGUI<\/strong> :\u00a0<strong>Chef d'\u00e9tablissement\u00a0 \u00a0 \u00a0 \u00a0 \u00a0 \u00a0 \u00a0 \u00a0 \u00a0 \u00a0 \u00a0 \u00a0 \u00a0 \u00a0 \u00a0 \u00a0 \u00a0 \u00a0 \u00a0 \u00a0 \u00a0 \u00a0 \u00a0 \u00a0 \u00a0<\/strong><\/li>\n<\/ul>\n<p style=\"text-align: right\">Responsable suivi des \u00e9l\u00e8ves de <strong>6\u00e8mes<\/strong> et <strong>3\u00e8mes<\/strong>.<\/p>\n<p>\"Le chef d'\u00e9tablissement dirige et anime l'\u00e9quipe p\u00e9dagogique en place et le personnel de service. Il supervise la gestion comptable de l'institution et repartit les budgets. Il applique la politique \u00e9ducative et p\u00e9dagogique de l'\u00e9tablissement. Le chef d'\u00e9tablissement veille \u00e0 l'application du r\u00e8glement int\u00e9rieur du coll\u00e8ge dont il a la charge et participe au suivi p\u00e9dagogique des \u00e9l\u00e8ves. Il est le responsable juridique et moral et le premier r\u00e9f\u00e9rent aupr\u00e8s de l'Education Nationale et des institutions locales. Il collabore, avec le corps enseignant \u00e0 l'organisation des plannings annuels, \u00e0 la mise en place des activit\u00e9s parascolaires, \u00e0 l'admission et \u00e0 l'accueil des nouveaux \u00e9l\u00e8ves.\"<\/p>\n<p>&nbsp;<\/p>\n<ul>\n<li><span style=\"color: #333333\"><span style=\"color: #000000\">Mme <strong>BONNEAU<\/strong>: <strong>Cheffe adjointe d'\u00e9tablissement<\/strong>. <b>\u00a0<\/b><\/span><\/span><\/li>\n<\/ul>\n<p><span style=\"color: #333333\">Responsable suivi des \u00e9l\u00e8ves de <strong>5\u00e8mes<\/strong> et <strong>4\u00e8mes<\/strong>.\u00a0\u00a0<\/span><\/p>\n<p><img loading=\"lazy\" decoding=\"async\" class=\"wp-image-10899 size-thumbnail alignleft\" src=\"https:\/\/clg-peguy-lechesnay.ac-versailles.fr\/wp-content\/uploads\/sites\/308\/2026\/03\/portrait-mere-dessin-anime-adulte-200x200.png\" alt=\"\" width=\"200\" height=\"200\" srcset=\"https:\/\/clg-peguy-lechesnay.ac-versailles.fr\/wp-content\/uploads\/sites\/308\/2026\/03\/portrait-mere-dessin-anime-adulte-200x200.png 200w, https:\/\/clg-peguy-lechesnay.ac-versailles.fr\/wp-content\/uploads\/sites\/308\/2026\/03\/portrait-mere-dessin-anime-adulte-150x150.png 150w\" sizes=\"auto, (max-width: 200px) 100vw, 200px\" \/>\"Le chef adjoint g\u00e8re tout ce qui est en rapport avec l\u2019int\u00e9rieur du coll\u00e8ge : les relations entre \u00e9l\u00e8ves et professeurs, les relations avec les professeurs, les relations avec la vie scolaire, etc... Le chef-adjoint assiste aussi le principal dans certaines t\u00e2ches relatives \u00e0 la mise en oeuvre et \u00e0 l\u2019\u00e9laboration du projet d\u2019\u00e9tablissement. Il coordonne le fonctionnement du conseil de la vie coll\u00e9gienne.\"<\/p>\n<\/div>\n<\/div><\/div><\/div><div id=\"pgc-808-0-1\"  class=\"panel-grid-cell\" ><div id=\"panel-808-0-1-0\" class=\"so-panel widget widget_wps_gfwidget panel-first-child\" data-index=\"1\" ><div class=\"panel-widget-style panel-widget-style-for-808-0-1-0\" ><div class=\"wps-gfwidget-output\" style=\"font-size:14px;line-height:auto;color:#333333;border-radius:0px;padding:15px 15px 15px 15px ;text-align:left;\"><div class=\"wps-gfwidget-overlay\" style=\"background-color:rgba(246,246,246,0.1);\"><\/div><div class=\"sticky top-left\"><img decoding=\"async\" src=\"https:\/\/clg-peguy-lechesnay.ac-versailles.fr\/wp-content\/plugins\/easy-customizable-text-widget\/assets\/images\/pins\/top-left-white.png\" \/><\/div><div class=\"wps-gfwidget-content\"><p>M. <strong>BERASATEGUI<\/strong> :\u00a0<strong>Chef d'\u00e9tablissement<\/strong><\/p>\n<p>Mme <strong>BONNEAU<\/strong> :\u00a0<strong>Cheffe adjointe<\/strong><\/p>\n<p>Rencontres sur rendez-vous aupr\u00e8s du secr\u00e9tariat. Bureau au rez-de-chauss\u00e9e du b\u00e2timent A. <\/p>\n<p>T\u00e9l\u00e9phone : <strong>0139540957 <\/strong><br \/>\nCourriel : <strong>ce.0783252l@ac-versailles.fr<\/strong><\/p>\n<\/div><\/div><div class=\"wps-gfwidget-footer\"><div class=\"wps-gfwidget-footer-left\"><\/div><div class=\"wps-gfwidget-footer-right\"><\/div><\/div><\/div><\/div><div id=\"panel-808-0-1-1\" class=\"so-panel widget widget_colormag_featured_posts_vertical_widget cm-featured-posts cm-featured-posts--style-2\" data-index=\"2\" >\r\n\t\t<h3 class=\"cm-widget-title\" ><span >Actualit\u00e9 de la direction<\/span><\/h3><div class=\"cm-first-post\">\r\n\t\t\t<div class=\"cm-post\">\r\n\t\t\t\t<a href=\"https:\/\/clg-peguy-lechesnay.ac-versailles.fr\/?p=4748\" title=\"Nouveau chef d&rsquo;\u00e9tablissement au coll\u00e8ge Charles P\u00e9guy\"><img loading=\"lazy\" decoding=\"async\" width=\"390\" height=\"205\" src=\"https:\/\/clg-peguy-lechesnay.ac-versailles.fr\/wp-content\/uploads\/sites\/308\/2021\/09\/Principal-Berasategui-390x205.jpg\" class=\"attachment-colormag-featured-post-medium size-colormag-featured-post-medium wp-post-image\" alt=\"Nouveau chef d&rsquo;\u00e9tablissement au coll\u00e8ge Charles P\u00e9guy\" title=\"Nouveau chef d&rsquo;\u00e9tablissement au coll\u00e8ge Charles P\u00e9guy\" \/><\/a><\/figure>\r\n\t\t\t\t<div class=\"cm-post-content\">\r\n\t\t\t\t\t<div class=\"cm-entry-header-meta\"><div class=\"cm-post-categories\"><a href=\"https:\/\/clg-peguy-lechesnay.ac-versailles.fr\/?cat=4\" style=\"background:#2d933d\" rel=\"category tag\">Actualit\u00e9s<\/a><a href=\"https:\/\/clg-peguy-lechesnay.ac-versailles.fr\/?cat=26\" rel=\"category tag\">Direction<\/a><\/div><\/div>\t\t<h3 class=\"cm-entry-title\">\r\n\t\t\t<a href=\"https:\/\/clg-peguy-lechesnay.ac-versailles.fr\/?p=4748\" title=\"Nouveau chef d&rsquo;\u00e9tablissement au coll\u00e8ge Charles P\u00e9guy\">\r\n\t\t\t\tNouveau chef d&rsquo;\u00e9tablissement au coll\u00e8ge Charles P\u00e9guy\t\t\t<\/a>\r\n\t\t<\/h3>\r\n\t\t<div class=\"cm-below-entry-meta \"><span class=\"cm-post-date\"><a href=\"https:\/\/clg-peguy-lechesnay.ac-versailles.fr\/?p=4748\" title=\"16 h 08 min\" rel=\"bookmark\"><svg class=\"cm-icon cm-icon--calendar-fill\" xmlns=\"http:\/\/www.w3.org\/2000\/svg\" viewBox=\"0 0 24 24\"><path d=\"M21.1 6.6v1.6c0 .6-.4 1-1 1H3.9c-.6 0-1-.4-1-1V6.6c0-1.5 1.3-2.8 2.8-2.8h1.7V3c0-.6.4-1 1-1s1 .4 1 1v.8h5.2V3c0-.6.4-1 1-1s1 .4 1 1v.8h1.7c1.5 0 2.8 1.3 2.8 2.8zm-1 4.6H3.9c-.6 0-1 .4-1 1v7c0 1.5 1.3 2.8 2.8 2.8h12.6c1.5 0 2.8-1.3 2.8-2.8v-7c0-.6-.4-1-1-1z\"><\/path><\/svg> <time class=\"entry-date published updated\" datetime=\"2021-09-06T16:08:27+02:00\">6 septembre 2021<\/time><\/a><\/span>\r\n\t\t<span class=\"cm-author cm-vcard\">\r\n\t\t\t<svg class=\"cm-icon cm-icon--user\" xmlns=\"http:\/\/www.w3.org\/2000\/svg\" viewBox=\"0 0 24 24\"><path d=\"M7 7c0-2.8 2.2-5 5-5s5 2.2 5 5-2.2 5-5 5-5-2.2-5-5zm9 7H8c-2.8 0-5 2.2-5 5v2c0 .6.4 1 1 1h16c.6 0 1-.4 1-1v-2c0-2.8-2.2-5-5-5z\"><\/path><\/svg>\t\t\t<a class=\"url fn n\"\r\n\t\t\thref=\"https:\/\/clg-peguy-lechesnay.ac-versailles.fr\/?author=2028\"\r\n\t\t\ttitle=\"NOGARO Eric\"\r\n\t\t\t>\r\n\t\t\t\tNOGARO Eric\t\t\t<\/a>\r\n\t\t<\/span>\r\n\r\n\t\t<\/div>\r\n\t\t\t\t\t\t\t\t\t\t\t<div class=\"cm-entry-summary\">\r\n\t\t\t\t\t\t\t<p>Monsieur Berasategui est depuis le 1er septembre le nouveau chef d\u2019\u00e9tablissement du coll\u00e8ge. Pr\u00e9c\u00e9demment en poste \u00e0 Vernouillet, il a<\/p>\n\t\t\t\t\t\t<\/div>\r\n\t\t\t\t\t\t\t\t\t<\/div>\r\n\t\t\t<\/div>\r\n\r\n\t\t\t<\/div><div class=\"cm-posts\">\r\n\t\t\t<div class=\"cm-post\">\r\n\t\t\t\t<a href=\"https:\/\/clg-peguy-lechesnay.ac-versailles.fr\/?p=3609\" title=\"Mme HOVART Principale : informations crise sanitaire\"><img loading=\"lazy\" decoding=\"async\" width=\"130\" height=\"90\" src=\"https:\/\/clg-peguy-lechesnay.ac-versailles.fr\/wp-content\/uploads\/sites\/308\/2020\/09\/infos-covid2-130x90.jpg\" class=\"attachment-colormag-featured-post-small size-colormag-featured-post-small wp-post-image\" alt=\"Mme HOVART Principale : informations crise sanitaire\" title=\"Mme HOVART Principale : informations crise sanitaire\" srcset=\"https:\/\/clg-peguy-lechesnay.ac-versailles.fr\/wp-content\/uploads\/sites\/308\/2020\/09\/infos-covid2-130x90.jpg 130w, https:\/\/clg-peguy-lechesnay.ac-versailles.fr\/wp-content\/uploads\/sites\/308\/2020\/09\/infos-covid2-392x272.jpg 392w\" sizes=\"auto, (max-width: 130px) 100vw, 130px\" \/><\/a><\/figure>\r\n\t\t\t\t<div class=\"cm-post-content\">\r\n\t\t\t\t\t<div class=\"cm-entry-header-meta\"><div class=\"cm-post-categories\"><a href=\"https:\/\/clg-peguy-lechesnay.ac-versailles.fr\/?cat=4\" style=\"background:#2d933d\" rel=\"category tag\">Actualit\u00e9s<\/a><a href=\"https:\/\/clg-peguy-lechesnay.ac-versailles.fr\/?cat=26\" rel=\"category tag\">Direction<\/a><\/div><\/div>\t\t<h3 class=\"cm-entry-title\">\r\n\t\t\t<a href=\"https:\/\/clg-peguy-lechesnay.ac-versailles.fr\/?p=3609\" title=\"Mme HOVART Principale : informations crise sanitaire\">\r\n\t\t\t\tMme HOVART Principale : informations crise sanitaire\t\t\t<\/a>\r\n\t\t<\/h3>\r\n\t\t<div class=\"cm-below-entry-meta \"><span class=\"cm-post-date\"><a href=\"https:\/\/clg-peguy-lechesnay.ac-versailles.fr\/?p=3609\" title=\"21 h 37 min\" rel=\"bookmark\"><svg class=\"cm-icon cm-icon--calendar-fill\" xmlns=\"http:\/\/www.w3.org\/2000\/svg\" viewBox=\"0 0 24 24\"><path d=\"M21.1 6.6v1.6c0 .6-.4 1-1 1H3.9c-.6 0-1-.4-1-1V6.6c0-1.5 1.3-2.8 2.8-2.8h1.7V3c0-.6.4-1 1-1s1 .4 1 1v.8h5.2V3c0-.6.4-1 1-1s1 .4 1 1v.8h1.7c1.5 0 2.8 1.3 2.8 2.8zm-1 4.6H3.9c-.6 0-1 .4-1 1v7c0 1.5 1.3 2.8 2.8 2.8h12.6c1.5 0 2.8-1.3 2.8-2.8v-7c0-.6-.4-1-1-1z\"><\/path><\/svg> <time class=\"entry-date published updated\" datetime=\"2020-09-14T21:37:21+02:00\">14 septembre 2020<\/time><\/a><\/span>\r\n\t\t<span class=\"cm-author cm-vcard\">\r\n\t\t\t<svg class=\"cm-icon cm-icon--user\" xmlns=\"http:\/\/www.w3.org\/2000\/svg\" viewBox=\"0 0 24 24\"><path d=\"M7 7c0-2.8 2.2-5 5-5s5 2.2 5 5-2.2 5-5 5-5-2.2-5-5zm9 7H8c-2.8 0-5 2.2-5 5v2c0 .6.4 1 1 1h16c.6 0 1-.4 1-1v-2c0-2.8-2.2-5-5-5z\"><\/path><\/svg>\t\t\t<a class=\"url fn n\"\r\n\t\t\thref=\"https:\/\/clg-peguy-lechesnay.ac-versailles.fr\/?author=2028\"\r\n\t\t\ttitle=\"NOGARO Eric\"\r\n\t\t\t>\r\n\t\t\t\tNOGARO Eric\t\t\t<\/a>\r\n\t\t<\/span>\r\n\r\n\t\t<\/div>\r\n\t\t\t\t\t\t\t\t\t<\/div>\r\n\t\t\t<\/div>\r\n\r\n\t\t\t\r\n\t\t\t<div class=\"cm-post\">\r\n\t\t\t\t<a href=\"https:\/\/clg-peguy-lechesnay.ac-versailles.fr\/?p=345\" title=\"R\u00e9union avec les proviseurs des lyc\u00e9es de Versailles: 02 avril 2019\"><img loading=\"lazy\" decoding=\"async\" width=\"130\" height=\"90\" src=\"https:\/\/clg-peguy-lechesnay.ac-versailles.fr\/wp-content\/uploads\/sites\/308\/2019\/02\/2175-130x90.jpg\" class=\"attachment-colormag-featured-post-small size-colormag-featured-post-small wp-post-image\" alt=\"R\u00e9union avec les proviseurs des lyc\u00e9es de Versailles: 02 avril 2019\" title=\"R\u00e9union avec les proviseurs des lyc\u00e9es de Versailles: 02 avril 2019\" srcset=\"https:\/\/clg-peguy-lechesnay.ac-versailles.fr\/wp-content\/uploads\/sites\/308\/2019\/02\/2175-130x90.jpg 130w, https:\/\/clg-peguy-lechesnay.ac-versailles.fr\/wp-content\/uploads\/sites\/308\/2019\/02\/2175-392x272.jpg 392w\" sizes=\"auto, (max-width: 130px) 100vw, 130px\" \/><\/a><\/figure>\r\n\t\t\t\t<div class=\"cm-post-content\">\r\n\t\t\t\t\t<div class=\"cm-entry-header-meta\"><div class=\"cm-post-categories\"><a href=\"https:\/\/clg-peguy-lechesnay.ac-versailles.fr\/?cat=26\" rel=\"category tag\">Direction<\/a><a href=\"https:\/\/clg-peguy-lechesnay.ac-versailles.fr\/?cat=15\" rel=\"category tag\">Orientation<\/a><\/div><\/div>\t\t<h3 class=\"cm-entry-title\">\r\n\t\t\t<a href=\"https:\/\/clg-peguy-lechesnay.ac-versailles.fr\/?p=345\" title=\"R\u00e9union avec les proviseurs des lyc\u00e9es de Versailles: 02 avril 2019\">\r\n\t\t\t\tR\u00e9union avec les proviseurs des lyc\u00e9es de Versailles: 02 avril 2019\t\t\t<\/a>\r\n\t\t<\/h3>\r\n\t\t<div class=\"cm-below-entry-meta \"><span class=\"cm-post-date\"><a href=\"https:\/\/clg-peguy-lechesnay.ac-versailles.fr\/?p=345\" title=\"14 h 36 min\" rel=\"bookmark\"><svg class=\"cm-icon cm-icon--calendar-fill\" xmlns=\"http:\/\/www.w3.org\/2000\/svg\" viewBox=\"0 0 24 24\"><path d=\"M21.1 6.6v1.6c0 .6-.4 1-1 1H3.9c-.6 0-1-.4-1-1V6.6c0-1.5 1.3-2.8 2.8-2.8h1.7V3c0-.6.4-1 1-1s1 .4 1 1v.8h5.2V3c0-.6.4-1 1-1s1 .4 1 1v.8h1.7c1.5 0 2.8 1.3 2.8 2.8zm-1 4.6H3.9c-.6 0-1 .4-1 1v7c0 1.5 1.3 2.8 2.8 2.8h12.6c1.5 0 2.8-1.3 2.8-2.8v-7c0-.6-.4-1-1-1z\"><\/path><\/svg> <time class=\"entry-date published updated\" datetime=\"2019-02-17T14:36:31+01:00\">17 f\u00e9vrier 2019<\/time><\/a><\/span>\r\n\t\t<span class=\"cm-author cm-vcard\">\r\n\t\t\t<svg class=\"cm-icon cm-icon--user\" xmlns=\"http:\/\/www.w3.org\/2000\/svg\" viewBox=\"0 0 24 24\"><path d=\"M7 7c0-2.8 2.2-5 5-5s5 2.2 5 5-2.2 5-5 5-5-2.2-5-5zm9 7H8c-2.8 0-5 2.2-5 5v2c0 .6.4 1 1 1h16c.6 0 1-.4 1-1v-2c0-2.8-2.2-5-5-5z\"><\/path><\/svg>\t\t\t<a class=\"url fn n\"\r\n\t\t\thref=\"https:\/\/clg-peguy-lechesnay.ac-versailles.fr\/?author=2028\"\r\n\t\t\ttitle=\"NOGARO Eric\"\r\n\t\t\t>\r\n\t\t\t\tNOGARO Eric\t\t\t<\/a>\r\n\t\t<\/span>\r\n\r\n\t\t<\/div>\r\n\t\t\t\t\t\t\t\t\t<\/div>\r\n\t\t\t<\/div>\r\n\r\n\t\t\t\r\n\t\t\t<div class=\"cm-post\">\r\n\t\t\t\t<a href=\"https:\/\/clg-peguy-lechesnay.ac-versailles.fr\/?p=77\" title=\"Le coll\u00e8ge reste ouvert sous la neige !\"><img loading=\"lazy\" decoding=\"async\" width=\"130\" height=\"90\" src=\"https:\/\/clg-peguy-lechesnay.ac-versailles.fr\/wp-content\/uploads\/sites\/308\/2019\/02\/20190130_094923-130x90.jpg\" class=\"attachment-colormag-featured-post-small size-colormag-featured-post-small wp-post-image\" alt=\"Le coll\u00e8ge reste ouvert sous la neige !\" title=\"Le coll\u00e8ge reste ouvert sous la neige !\" srcset=\"https:\/\/clg-peguy-lechesnay.ac-versailles.fr\/wp-content\/uploads\/sites\/308\/2019\/02\/20190130_094923-130x90.jpg 130w, https:\/\/clg-peguy-lechesnay.ac-versailles.fr\/wp-content\/uploads\/sites\/308\/2019\/02\/20190130_094923-392x272.jpg 392w\" sizes=\"auto, (max-width: 130px) 100vw, 130px\" \/><\/a><\/figure>\r\n\t\t\t\t<div class=\"cm-post-content\">\r\n\t\t\t\t\t<div class=\"cm-entry-header-meta\"><div class=\"cm-post-categories\"><a href=\"https:\/\/clg-peguy-lechesnay.ac-versailles.fr\/?cat=4\" style=\"background:#2d933d\" rel=\"category tag\">Actualit\u00e9s<\/a><a href=\"https:\/\/clg-peguy-lechesnay.ac-versailles.fr\/?cat=26\" rel=\"category tag\">Direction<\/a><\/div><\/div>\t\t<h3 class=\"cm-entry-title\">\r\n\t\t\t<a href=\"https:\/\/clg-peguy-lechesnay.ac-versailles.fr\/?p=77\" title=\"Le coll\u00e8ge reste ouvert sous la neige !\">\r\n\t\t\t\tLe coll\u00e8ge reste ouvert sous la neige !\t\t\t<\/a>\r\n\t\t<\/h3>\r\n\t\t<div class=\"cm-below-entry-meta \"><span class=\"cm-post-date\"><a href=\"https:\/\/clg-peguy-lechesnay.ac-versailles.fr\/?p=77\" title=\"9 h 04 min\" rel=\"bookmark\"><svg class=\"cm-icon cm-icon--calendar-fill\" xmlns=\"http:\/\/www.w3.org\/2000\/svg\" viewBox=\"0 0 24 24\"><path d=\"M21.1 6.6v1.6c0 .6-.4 1-1 1H3.9c-.6 0-1-.4-1-1V6.6c0-1.5 1.3-2.8 2.8-2.8h1.7V3c0-.6.4-1 1-1s1 .4 1 1v.8h5.2V3c0-.6.4-1 1-1s1 .4 1 1v.8h1.7c1.5 0 2.8 1.3 2.8 2.8zm-1 4.6H3.9c-.6 0-1 .4-1 1v7c0 1.5 1.3 2.8 2.8 2.8h12.6c1.5 0 2.8-1.3 2.8-2.8v-7c0-.6-.4-1-1-1z\"><\/path><\/svg> <time class=\"entry-date published updated\" datetime=\"2019-02-16T09:04:59+01:00\">16 f\u00e9vrier 2019<\/time><\/a><\/span>\r\n\t\t<span class=\"cm-author cm-vcard\">\r\n\t\t\t<svg class=\"cm-icon cm-icon--user\" xmlns=\"http:\/\/www.w3.org\/2000\/svg\" viewBox=\"0 0 24 24\"><path d=\"M7 7c0-2.8 2.2-5 5-5s5 2.2 5 5-2.2 5-5 5-5-2.2-5-5zm9 7H8c-2.8 0-5 2.2-5 5v2c0 .6.4 1 1 1h16c.6 0 1-.4 1-1v-2c0-2.8-2.2-5-5-5z\"><\/path><\/svg>\t\t\t<a class=\"url fn n\"\r\n\t\t\thref=\"https:\/\/clg-peguy-lechesnay.ac-versailles.fr\/?author=2028\"\r\n\t\t\ttitle=\"NOGARO Eric\"\r\n\t\t\t>\r\n\t\t\t\tNOGARO Eric\t\t\t<\/a>\r\n\t\t<\/span>\r\n\r\n\t\t<\/div>\r\n\t\t\t\t\t\t\t\t\t<\/div>\r\n\t\t\t<\/div>\r\n\r\n\t\t\t<\/div><\/div><div id=\"panel-808-0-1-2\" class=\"so-panel widget widget_colormag_300x250_advertisement_widget widget_300x250_advertisement\" data-index=\"3\" >\r\n\t\t<div class=\"advertisement_300x250\">\r\n\t\t\t<div class=\"cm-advertisement-content\"><img loading=\"lazy\" decoding=\"async\" src=\"https:\/\/clg-peguy-lechesnay.ac-versailles.fr\/wp-content\/uploads\/sites\/308\/2019\/03\/Fichier-1secretary4.png\" width=\"300\" height=\"250\" alt=\"\"><\/div>\t\t<\/div>\r\n\r\n\t\t<\/div><div id=\"panel-808-0-1-3\" class=\"so-panel widget widget_text panel-last-child\" data-index=\"4\" >\t\t\t<div class=\"textwidget\"><p><strong>Documents utiles:<\/strong><\/p>\n<p>\u00e0 para\u00eetre&#8230;<\/p>\n<\/div>\n\t\t<\/div><\/div><\/div><\/div>","protected":false},"excerpt":{"rendered":"<p>M. BERASATEGUI :\u00a0Chef d&rsquo;\u00e9tablissement\u00a0 \u00a0 \u00a0 \u00a0 \u00a0 \u00a0 \u00a0 \u00a0 \u00a0 \u00a0 \u00a0 \u00a0 \u00a0 \u00a0 \u00a0 \u00a0 \u00a0<\/p>\n","protected":false},"author":2028,"featured_media":0,"parent":0,"menu_order":0,"comment_status":"closed","ping_status":"closed","template":"","meta":{"colormag_page_container_layout":"default_layout","colormag_page_sidebar_layout":"default_layout","_crdt_document":"","footnotes":""},"class_list":["post-808","page","type-page","status-publish","hentry"],"_links":{"self":[{"href":"https:\/\/clg-peguy-lechesnay.ac-versailles.fr\/index.php?rest_route=\/wp\/v2\/pages\/808","targetHints":{"allow":["GET"]}}],"collection":[{"href":"https:\/\/clg-peguy-lechesnay.ac-versailles.fr\/index.php?rest_route=\/wp\/v2\/pages"}],"about":[{"href":"https:\/\/clg-peguy-lechesnay.ac-versailles.fr\/index.php?rest_route=\/wp\/v2\/types\/page"}],"author":[{"embeddable":true,"href":"https:\/\/clg-peguy-lechesnay.ac-versailles.fr\/index.php?rest_route=\/wp\/v2\/users\/2028"}],"replies":[{"embeddable":true,"href":"https:\/\/clg-peguy-lechesnay.ac-versailles.fr\/index.php?rest_route=%2Fwp%2Fv2%2Fcomments&post=808"}],"version-history":[{"count":10,"href":"https:\/\/clg-peguy-lechesnay.ac-versailles.fr\/index.php?rest_route=\/wp\/v2\/pages\/808\/revisions"}],"predecessor-version":[{"id":10901,"href":"https:\/\/clg-peguy-lechesnay.ac-versailles.fr\/index.php?rest_route=\/wp\/v2\/pages\/808\/revisions\/10901"}],"wp:attachment":[{"href":"https:\/\/clg-peguy-lechesnay.ac-versailles.fr\/index.php?rest_route=%2Fwp%2Fv2%2Fmedia&parent=808"}],"curies":[{"name":"wp","href":"https:\/\/api.w.org\/{rel}","templated":true}]}}