{"id":761,"date":"2019-03-22T14:32:14","date_gmt":"2019-03-22T13:32:14","guid":{"rendered":"http:\/\/www.clg-peguy-lechesnay.ac-versailles.fr\/?page_id=761"},"modified":"2023-09-25T09:01:10","modified_gmt":"2023-09-25T07:01:10","slug":"equipe-vie-scolaire","status":"publish","type":"page","link":"https:\/\/clg-peguy-lechesnay.ac-versailles.fr\/?page_id=761","title":{"rendered":"L&rsquo;\u00e9quipe de vie scolaire"},"content":{"rendered":"<div id=\"pl-761\"  class=\"panel-layout\" ><div id=\"pg-761-0\"  class=\"panel-grid panel-no-style\" ><div id=\"pgc-761-0-0\"  class=\"panel-grid-cell\" ><div id=\"panel-761-0-0-0\" class=\"so-panel widget widget_sow-editor panel-first-child panel-last-child\" data-index=\"0\" ><div\n\t\t\t\n\t\t\tclass=\"so-widget-sow-editor so-widget-sow-editor-base\"\n\t\t\t\n\t\t>\n<div class=\"siteorigin-widget-tinymce textwidget\">\n\t<p>Les <strong>conseillers principaux d'\u00e9ducation<\/strong> avec leurs <strong>\u00e9quipes \u00e9ducatives de vie scolaire<\/strong>, participent aux activit\u00e9s \u00e9ducatives du second degr\u00e9. Les fonctions sont exerc\u00e9es sous la responsabilit\u00e9 du chef d'\u00e9tablissement. Elles se situent dans le cadre g\u00e9n\u00e9ral de la vie scolaire et contribuent \u00e0 placer les \u00e9l\u00e8ves dans les meilleures conditions possibles pour leur scolarit\u00e9. Leurs responsabilit\u00e9s sont r\u00e9parties principalement dans les trois domaines suivants\u00a0:<\/p>\n<ol>\n<li><span style=\"color: #000000\"><span style=\"font-family: Arial, sans-serif\"><span style=\"font-size: medium\"><b>La politique \u00e9ducative de l'\u00e9tablissement<\/b><\/span><\/span><\/span>\n<ul>\n<li><span style=\"color: #000000\"><span style=\"font-family: Arial, sans-serif\"><span style=\"font-size: medium\">a) La participation \u00e0 l'\u00e9laboration et \u00e0 la mise en \u0153uvre de la politique \u00e9ducative de l'\u00e9tablissement\u00a0<\/span><\/span><\/span><\/li>\n<li><span style=\"color: #000000\"><span style=\"font-family: Arial, sans-serif\"><span style=\"font-size: medium\">b) La contribution \u00e0 une citoyennet\u00e9 participative\u00a0<\/span><\/span><\/span><\/li>\n<\/ul>\n<\/li>\n<li><span style=\"color: #000000\"><span style=\"font-family: Arial, sans-serif\"><span style=\"font-size: medium\"><b>Le suivi des \u00e9l\u00e8ves<\/b><\/span><\/span><\/span>\n<ul>\n<li><span style=\"color: #000000\"><span style=\"font-family: Arial, sans-serif\"><span style=\"font-size: medium\">a) Assurer le suivi p\u00e9dagogique et \u00e9ducatif individuel et collectif des \u00e9l\u00e8ves\u00a0<\/span><\/span><\/span><\/li>\n<li><span style=\"color: #000000\"><span style=\"font-family: Arial, sans-serif\"><span style=\"font-size: medium\">b) Assurer des relations de confiance avec les familles ou les repr\u00e9sentants l\u00e9gaux des \u00e9l\u00e8ves\u00a0<\/span><\/span><\/span><\/li>\n<\/ul>\n<\/li>\n<li><span style=\"color: #000000\"><span style=\"font-family: Arial, sans-serif\"><b><span style=\"font-size: medium\">L'organisation de la vie sc<\/span>olaire<\/b><\/span><\/span>\n<ul>\n<li><span style=\"color: #000000\"><span style=\"font-family: Arial, sans-serif\">a) Organiser l'espace scolaire et la gestion du temps a<span style=\"font-size: medium\">u sein de l'externat, de la demi-pension et de l'internat\u00a0<\/span><\/span><\/span><\/li>\n<li><span style=\"color: #000000\"><span style=\"font-family: Arial, sans-serif\">b) Contribuer \u00e0 la qualit\u00e9 du climat scolaire\u00a0<\/span><\/span><\/li>\n<li><span style=\"color: #000000\"><span style=\"font-family: Arial, sans-serif\"><span style=\"font-size: medium\">c) L'animation de l'\u00e9quipe vie scolaire\u00a0<\/span><\/span><\/span><\/li>\n<\/ul>\n<\/li>\n<\/ol>\n<p style=\"text-align: center\"><img loading=\"lazy\" decoding=\"async\" class=\" wp-image-764 aligncenter\" src=\"https:\/\/clg-peguy-lechesnay.ac-versailles.fr\/wp-content\/uploads\/sites\/308\/2019\/03\/Fichier-1person55-1.png\" alt=\"\" width=\"502\" height=\"182\" srcset=\"https:\/\/clg-peguy-lechesnay.ac-versailles.fr\/wp-content\/uploads\/sites\/308\/2019\/03\/Fichier-1person55-1.png 827w, https:\/\/clg-peguy-lechesnay.ac-versailles.fr\/wp-content\/uploads\/sites\/308\/2019\/03\/Fichier-1person55-1-500x181.png 500w, https:\/\/clg-peguy-lechesnay.ac-versailles.fr\/wp-content\/uploads\/sites\/308\/2019\/03\/Fichier-1person55-1-768x279.png 768w\" sizes=\"auto, (max-width: 502px) 100vw, 502px\" \/><\/p>\n<p>Les <strong>assistants d'\u00e9ducations<\/strong> assurent \u00e9galement ces actions de m\u00e9diation envers les \u00e9l\u00e8ves, participent \u00e0 toutes actions inscrites au projet d'\u00e9tablissement avec parfois des missions d'encadrement (tutorat, aide aux devoirs...). L'\u00e9quipe de vie scolaire\u00a0 veille au respect de la vie de l'\u00e9l\u00e8ve au sein de l'\u00e9tablissement en assurant:<\/p>\n<ul>\n<li>la s\u00e9curit\u00e9 et le respect des r\u00e8gles collectives,<\/li>\n<li>la gestion et le suivi de la pr\u00e9sence des \u00e9l\u00e8ves,<\/li>\n<li>les \u00e9changes avec les familles,<\/li>\n<li>le suivi des \u00e9l\u00e8ves en liaison avec les enseignants,<\/li>\n<li>l'aide \u00e0 l'accueil des nouveaux arrivants,<\/li>\n<li>l'int\u00e9gration des \u00e9l\u00e8ves handicap\u00e9s.<img loading=\"lazy\" decoding=\"async\" class=\"wp-image-784 alignright\" src=\"https:\/\/clg-peguy-lechesnay.ac-versailles.fr\/wp-content\/uploads\/sites\/308\/2019\/03\/Fichier-1ados5-337x300.png\" alt=\"\" width=\"176\" height=\"157\" srcset=\"https:\/\/clg-peguy-lechesnay.ac-versailles.fr\/wp-content\/uploads\/sites\/308\/2019\/03\/Fichier-1ados5-337x300.png 337w, https:\/\/clg-peguy-lechesnay.ac-versailles.fr\/wp-content\/uploads\/sites\/308\/2019\/03\/Fichier-1ados5.png 400w\" sizes=\"auto, (max-width: 176px) 100vw, 176px\" \/><\/li>\n<\/ul>\n<p>Les assistants d'\u00e9ducation s'occupent, sous la responsabilit\u00e9 du CPE, de:<\/p>\n<ul>\n<li>l\u2019accueil et de la surveillance des \u00e9l\u00e8ves lors des entr\u00e9es et sorties du coll\u00e8ge,<\/li>\n<li>la surveillance des coll\u00e9giens en \u00e9tant pr\u00e9sents lors des r\u00e9cr\u00e9ations et intercours dans la cour ou\/et dans les couloirs, pendant la pause m\u00e9ridienne au r\u00e9fectoire,<\/li>\n<li>de la surveillance des \u00e9l\u00e8ves en permanence, ou exclus ou mis en retenue \u00e0 la Vie scolaire,<\/li>\n<li>de l'encadrement \u00e0 l\u2019aide aux devoirs, ponctuellement ou plus r\u00e9guli\u00e8rement dans le cadre d\u2019un tutorat,<\/li>\n<li>l\u2019enregistrement des billets de retard, d\u2019absence ou de dispense d\u2019EPS,<\/li>\n<li>l\u2019alerte aux familles en cas d\u2019absence de leur enfant ou de probl\u00e8me m\u00e9dicaux si l\u2019infirmi\u00e8re n\u2019est pas pr\u00e9sente.<\/li>\n<\/ul>\n<p>Les assistants d\u2019\u00e9ducation interviennent lors du moindre incident mais ils sont aussi, de part leur proximit\u00e9 sur le terrain,\u00a0 des acteurs privil\u00e9gi\u00e9s \u00e0 l\u2019\u00e9coute des \u00e9l\u00e8ves.\u00a0 Pour ces raisons, la porte de leur bureau\u00a0est toujours ouverte. N'h\u00e9sitez pas alors \u00e0 les contacter d\u00e8s que n\u00e9cessaire !!!<\/p>\n<\/div>\n<\/div><\/div><\/div><div id=\"pgc-761-0-1\"  class=\"panel-grid-cell\" ><div id=\"panel-761-0-1-0\" class=\"so-panel widget widget_wps_gfwidget panel-first-child\" data-index=\"1\" ><div class=\"panel-widget-style panel-widget-style-for-761-0-1-0\" ><div class=\"wps-gfwidget-output\" style=\"font-size:14px;line-height:auto;color:#333333;border-radius:0px;padding:15px 15px 15px 15px ;text-align:left;\"><div class=\"wps-gfwidget-overlay\" style=\"background-color:rgba(246,246,246,0.1);\"><\/div><div class=\"sticky top-left\"><img decoding=\"async\" src=\"https:\/\/clg-peguy-lechesnay.ac-versailles.fr\/wp-content\/plugins\/easy-customizable-text-widget\/assets\/images\/pins\/top-left-white.png\" \/><\/div><div class=\"wps-gfwidget-content\"><p><strong>Conseiller Principal d'Education<\/strong>: <strong>M. BEKRI <\/strong><br \/>\nPr\u00e9sence au coll\u00e8ge: lundi, mardi, jeudi et vendredi.<br \/>\nContact :<br \/>\n<strong>hamza.bekri@ac-versailles.fr <\/strong><\/p>\n<p>Equipe <strong>Assistants d'Education<\/strong><br \/>\nPr\u00e9sence tous les jours de la semaine.<br \/>\nContact :<br \/>\n<strong> Messagerie N\u00e9o \u00e0 \"Vie Scolaire\" <\/strong><\/p>\n<p>Bureaux situ\u00e9s au rez-de-chauss\u00e9e du b\u00e2timent B.<\/p>\n<\/div><\/div><div class=\"wps-gfwidget-footer\"><div class=\"wps-gfwidget-footer-left\"><\/div><div class=\"wps-gfwidget-footer-right\"><\/div><\/div><\/div><\/div><div id=\"panel-761-0-1-1\" class=\"so-panel widget widget_colormag_featured_posts_vertical_widget cm-featured-posts cm-featured-posts--style-2\" data-index=\"2\" >\r\n\t\t<h3 class=\"cm-widget-title\" style=\"border-bottom-color:#2d933d;\"><span style=\"background-color:#2d933d;\">Infos vie scolaire<\/span><\/h3><div class=\"cm-first-post\">\r\n\t\t\t<div class=\"cm-post\">\r\n\t\t\t\t<a href=\"https:\/\/clg-peguy-lechesnay.ac-versailles.fr\/?p=10924\" title=\"Mercredi 13 Mai : on met ses baskets pour lutter contre la maladie !\"><img loading=\"lazy\" decoding=\"async\" width=\"390\" height=\"205\" src=\"https:\/\/clg-peguy-lechesnay.ac-versailles.fr\/wp-content\/uploads\/sites\/308\/2026\/05\/IMG_5090-800x445-1-500x278-1-390x205.jpg\" class=\"attachment-colormag-featured-post-medium size-colormag-featured-post-medium wp-post-image\" alt=\"Mercredi 13 Mai : on met ses baskets pour lutter contre la maladie !\" title=\"Mercredi 13 Mai : on met ses baskets pour lutter contre la maladie !\" \/><\/a><\/figure>\r\n\t\t\t\t<div class=\"cm-post-content\">\r\n\t\t\t\t\t<div class=\"cm-entry-header-meta\"><div class=\"cm-post-categories\"><a href=\"https:\/\/clg-peguy-lechesnay.ac-versailles.fr\/?cat=4\" style=\"background:#2d933d\" rel=\"category tag\">Actualit\u00e9s<\/a><a href=\"https:\/\/clg-peguy-lechesnay.ac-versailles.fr\/?cat=3\" style=\"background:#dd5656\" rel=\"category tag\">Infos<\/a><\/div><\/div>\t\t<h3 class=\"cm-entry-title\">\r\n\t\t\t<a href=\"https:\/\/clg-peguy-lechesnay.ac-versailles.fr\/?p=10924\" title=\"Mercredi 13 Mai : on met ses baskets pour lutter contre la maladie !\">\r\n\t\t\t\tMercredi 13 Mai : on met ses baskets pour lutter contre la maladie !\t\t\t<\/a>\r\n\t\t<\/h3>\r\n\t\t<div class=\"cm-below-entry-meta \"><span class=\"cm-post-date\"><a href=\"https:\/\/clg-peguy-lechesnay.ac-versailles.fr\/?p=10924\" title=\"5 h 49 min\" rel=\"bookmark\"><svg class=\"cm-icon cm-icon--calendar-fill\" xmlns=\"http:\/\/www.w3.org\/2000\/svg\" viewBox=\"0 0 24 24\"><path d=\"M21.1 6.6v1.6c0 .6-.4 1-1 1H3.9c-.6 0-1-.4-1-1V6.6c0-1.5 1.3-2.8 2.8-2.8h1.7V3c0-.6.4-1 1-1s1 .4 1 1v.8h5.2V3c0-.6.4-1 1-1s1 .4 1 1v.8h1.7c1.5 0 2.8 1.3 2.8 2.8zm-1 4.6H3.9c-.6 0-1 .4-1 1v7c0 1.5 1.3 2.8 2.8 2.8h12.6c1.5 0 2.8-1.3 2.8-2.8v-7c0-.6-.4-1-1-1z\"><\/path><\/svg> <time class=\"entry-date published updated\" datetime=\"2026-05-04T05:49:33+02:00\">4 mai 2026<\/time><\/a><\/span>\r\n\t\t<span class=\"cm-author cm-vcard\">\r\n\t\t\t<svg class=\"cm-icon cm-icon--user\" xmlns=\"http:\/\/www.w3.org\/2000\/svg\" viewBox=\"0 0 24 24\"><path d=\"M7 7c0-2.8 2.2-5 5-5s5 2.2 5 5-2.2 5-5 5-5-2.2-5-5zm9 7H8c-2.8 0-5 2.2-5 5v2c0 .6.4 1 1 1h16c.6 0 1-.4 1-1v-2c0-2.8-2.2-5-5-5z\"><\/path><\/svg>\t\t\t<a class=\"url fn n\"\r\n\t\t\thref=\"https:\/\/clg-peguy-lechesnay.ac-versailles.fr\/?author=2028\"\r\n\t\t\ttitle=\"NOGARO Eric\"\r\n\t\t\t>\r\n\t\t\t\tNOGARO Eric\t\t\t<\/a>\r\n\t\t<\/span>\r\n\r\n\t\t<\/div>\r\n\t\t\t\t\t\t\t\t\t\t\t<div class=\"cm-entry-summary\">\r\n\t\t\t\t\t\t\t<p>Et oui ! Chaque mois de mai, nous renouvelons l\u2019op\u00e9ration \u00ab\u00a0Mets tes baskets et bats la maladie !\u00a0\u00bb pour sensibiliser<\/p>\n\t\t\t\t\t\t<\/div>\r\n\t\t\t\t\t\t\t\t\t<\/div>\r\n\t\t\t<\/div>\r\n\r\n\t\t\t<\/div><div class=\"cm-posts\">\r\n\t\t\t<div class=\"cm-post\">\r\n\t\t\t\t<a href=\"https:\/\/clg-peguy-lechesnay.ac-versailles.fr\/?p=10883\" title=\"\ud83e\udd4b Ouverture d\u2019une section Judo au coll\u00e8ge \u00e0 la rentr\u00e9e 2026 !\"><img loading=\"lazy\" decoding=\"async\" width=\"130\" height=\"90\" src=\"https:\/\/clg-peguy-lechesnay.ac-versailles.fr\/wp-content\/uploads\/sites\/308\/2026\/03\/46055-130x90.jpg\" class=\"attachment-colormag-featured-post-small size-colormag-featured-post-small wp-post-image\" alt=\"\ud83e\udd4b Ouverture d\u2019une section Judo au coll\u00e8ge \u00e0 la rentr\u00e9e 2026 !\" title=\"\ud83e\udd4b Ouverture d\u2019une section Judo au coll\u00e8ge \u00e0 la rentr\u00e9e 2026 !\" srcset=\"https:\/\/clg-peguy-lechesnay.ac-versailles.fr\/wp-content\/uploads\/sites\/308\/2026\/03\/46055-130x90.jpg 130w, https:\/\/clg-peguy-lechesnay.ac-versailles.fr\/wp-content\/uploads\/sites\/308\/2026\/03\/46055-392x272.jpg 392w\" sizes=\"auto, (max-width: 130px) 100vw, 130px\" \/><\/a><\/figure>\r\n\t\t\t\t<div class=\"cm-post-content\">\r\n\t\t\t\t\t<div class=\"cm-entry-header-meta\"><div class=\"cm-post-categories\"><a href=\"https:\/\/clg-peguy-lechesnay.ac-versailles.fr\/?cat=4\" style=\"background:#2d933d\" rel=\"category tag\">Actualit\u00e9s<\/a><a href=\"https:\/\/clg-peguy-lechesnay.ac-versailles.fr\/?cat=25\" style=\"background:#73c13c\" rel=\"category tag\">AS<\/a><a href=\"https:\/\/clg-peguy-lechesnay.ac-versailles.fr\/?cat=107\" rel=\"category tag\">Vie AS<\/a><\/div><\/div>\t\t<h3 class=\"cm-entry-title\">\r\n\t\t\t<a href=\"https:\/\/clg-peguy-lechesnay.ac-versailles.fr\/?p=10883\" title=\"\ud83e\udd4b Ouverture d\u2019une section Judo au coll\u00e8ge \u00e0 la rentr\u00e9e 2026 !\">\r\n\t\t\t\t\ud83e\udd4b Ouverture d\u2019une section Judo au coll\u00e8ge \u00e0 la rentr\u00e9e 2026 !\t\t\t<\/a>\r\n\t\t<\/h3>\r\n\t\t<div class=\"cm-below-entry-meta \"><span class=\"cm-post-date\"><a href=\"https:\/\/clg-peguy-lechesnay.ac-versailles.fr\/?p=10883\" title=\"8 h 20 min\" rel=\"bookmark\"><svg class=\"cm-icon cm-icon--calendar-fill\" xmlns=\"http:\/\/www.w3.org\/2000\/svg\" viewBox=\"0 0 24 24\"><path d=\"M21.1 6.6v1.6c0 .6-.4 1-1 1H3.9c-.6 0-1-.4-1-1V6.6c0-1.5 1.3-2.8 2.8-2.8h1.7V3c0-.6.4-1 1-1s1 .4 1 1v.8h5.2V3c0-.6.4-1 1-1s1 .4 1 1v.8h1.7c1.5 0 2.8 1.3 2.8 2.8zm-1 4.6H3.9c-.6 0-1 .4-1 1v7c0 1.5 1.3 2.8 2.8 2.8h12.6c1.5 0 2.8-1.3 2.8-2.8v-7c0-.6-.4-1-1-1z\"><\/path><\/svg> <time class=\"entry-date published updated\" datetime=\"2026-03-20T08:20:59+01:00\">20 mars 2026<\/time><\/a><\/span>\r\n\t\t<span class=\"cm-author cm-vcard\">\r\n\t\t\t<svg class=\"cm-icon cm-icon--user\" xmlns=\"http:\/\/www.w3.org\/2000\/svg\" viewBox=\"0 0 24 24\"><path d=\"M7 7c0-2.8 2.2-5 5-5s5 2.2 5 5-2.2 5-5 5-5-2.2-5-5zm9 7H8c-2.8 0-5 2.2-5 5v2c0 .6.4 1 1 1h16c.6 0 1-.4 1-1v-2c0-2.8-2.2-5-5-5z\"><\/path><\/svg>\t\t\t<a class=\"url fn n\"\r\n\t\t\thref=\"https:\/\/clg-peguy-lechesnay.ac-versailles.fr\/?author=2028\"\r\n\t\t\ttitle=\"NOGARO Eric\"\r\n\t\t\t>\r\n\t\t\t\tNOGARO Eric\t\t\t<\/a>\r\n\t\t<\/span>\r\n\r\n\t\t<\/div>\r\n\t\t\t\t\t\t\t\t\t<\/div>\r\n\t\t\t<\/div>\r\n\r\n\t\t\t\r\n\t\t\t<div class=\"cm-post\">\r\n\t\t\t\t<a href=\"https:\/\/clg-peguy-lechesnay.ac-versailles.fr\/?p=10876\" title=\"80 professionnels pour aider nos \u00e9l\u00e8ves sur l&rsquo;orientation\"><img loading=\"lazy\" decoding=\"async\" width=\"130\" height=\"90\" src=\"https:\/\/clg-peguy-lechesnay.ac-versailles.fr\/wp-content\/uploads\/sites\/308\/2026\/03\/649847775_917926867659563_5698975011237420374_n-130x90.jpg\" class=\"attachment-colormag-featured-post-small size-colormag-featured-post-small wp-post-image\" alt=\"80 professionnels pour aider nos \u00e9l\u00e8ves sur l&rsquo;orientation\" title=\"80 professionnels pour aider nos \u00e9l\u00e8ves sur l&rsquo;orientation\" srcset=\"https:\/\/clg-peguy-lechesnay.ac-versailles.fr\/wp-content\/uploads\/sites\/308\/2026\/03\/649847775_917926867659563_5698975011237420374_n-130x90.jpg 130w, https:\/\/clg-peguy-lechesnay.ac-versailles.fr\/wp-content\/uploads\/sites\/308\/2026\/03\/649847775_917926867659563_5698975011237420374_n-392x272.jpg 392w\" sizes=\"auto, (max-width: 130px) 100vw, 130px\" \/><\/a><\/figure>\r\n\t\t\t\t<div class=\"cm-post-content\">\r\n\t\t\t\t\t<div class=\"cm-entry-header-meta\"><div class=\"cm-post-categories\"><a href=\"https:\/\/clg-peguy-lechesnay.ac-versailles.fr\/?cat=4\" style=\"background:#2d933d\" rel=\"category tag\">Actualit\u00e9s<\/a><a href=\"https:\/\/clg-peguy-lechesnay.ac-versailles.fr\/?cat=3\" style=\"background:#dd5656\" rel=\"category tag\">Infos<\/a><\/div><\/div>\t\t<h3 class=\"cm-entry-title\">\r\n\t\t\t<a href=\"https:\/\/clg-peguy-lechesnay.ac-versailles.fr\/?p=10876\" title=\"80 professionnels pour aider nos \u00e9l\u00e8ves sur l&rsquo;orientation\">\r\n\t\t\t\t80 professionnels pour aider nos \u00e9l\u00e8ves sur l&rsquo;orientation\t\t\t<\/a>\r\n\t\t<\/h3>\r\n\t\t<div class=\"cm-below-entry-meta \"><span class=\"cm-post-date\"><a href=\"https:\/\/clg-peguy-lechesnay.ac-versailles.fr\/?p=10876\" title=\"8 h 12 min\" rel=\"bookmark\"><svg class=\"cm-icon cm-icon--calendar-fill\" xmlns=\"http:\/\/www.w3.org\/2000\/svg\" viewBox=\"0 0 24 24\"><path d=\"M21.1 6.6v1.6c0 .6-.4 1-1 1H3.9c-.6 0-1-.4-1-1V6.6c0-1.5 1.3-2.8 2.8-2.8h1.7V3c0-.6.4-1 1-1s1 .4 1 1v.8h5.2V3c0-.6.4-1 1-1s1 .4 1 1v.8h1.7c1.5 0 2.8 1.3 2.8 2.8zm-1 4.6H3.9c-.6 0-1 .4-1 1v7c0 1.5 1.3 2.8 2.8 2.8h12.6c1.5 0 2.8-1.3 2.8-2.8v-7c0-.6-.4-1-1-1z\"><\/path><\/svg> <time class=\"entry-date published updated\" datetime=\"2026-03-15T08:12:17+01:00\">15 mars 2026<\/time><\/a><\/span>\r\n\t\t<span class=\"cm-author cm-vcard\">\r\n\t\t\t<svg class=\"cm-icon cm-icon--user\" xmlns=\"http:\/\/www.w3.org\/2000\/svg\" viewBox=\"0 0 24 24\"><path d=\"M7 7c0-2.8 2.2-5 5-5s5 2.2 5 5-2.2 5-5 5-5-2.2-5-5zm9 7H8c-2.8 0-5 2.2-5 5v2c0 .6.4 1 1 1h16c.6 0 1-.4 1-1v-2c0-2.8-2.2-5-5-5z\"><\/path><\/svg>\t\t\t<a class=\"url fn n\"\r\n\t\t\thref=\"https:\/\/clg-peguy-lechesnay.ac-versailles.fr\/?author=2028\"\r\n\t\t\ttitle=\"NOGARO Eric\"\r\n\t\t\t>\r\n\t\t\t\tNOGARO Eric\t\t\t<\/a>\r\n\t\t<\/span>\r\n\r\n\t\t<\/div>\r\n\t\t\t\t\t\t\t\t\t<\/div>\r\n\t\t\t<\/div>\r\n\r\n\t\t\t\r\n\t\t\t<div class=\"cm-post\">\r\n\t\t\t\t<a href=\"https:\/\/clg-peguy-lechesnay.ac-versailles.fr\/?p=10806\" title=\"Meilleurs v\u0153ux 2026 !\"><img loading=\"lazy\" decoding=\"async\" width=\"130\" height=\"90\" src=\"https:\/\/clg-peguy-lechesnay.ac-versailles.fr\/wp-content\/uploads\/sites\/308\/2026\/01\/carte-de-Voeux-2026-1-130x90.jpg\" class=\"attachment-colormag-featured-post-small size-colormag-featured-post-small wp-post-image\" alt=\"Meilleurs v\u0153ux 2026 !\" title=\"Meilleurs v\u0153ux 2026 !\" srcset=\"https:\/\/clg-peguy-lechesnay.ac-versailles.fr\/wp-content\/uploads\/sites\/308\/2026\/01\/carte-de-Voeux-2026-1-130x90.jpg 130w, https:\/\/clg-peguy-lechesnay.ac-versailles.fr\/wp-content\/uploads\/sites\/308\/2026\/01\/carte-de-Voeux-2026-1-392x272.jpg 392w\" sizes=\"auto, (max-width: 130px) 100vw, 130px\" \/><\/a><\/figure>\r\n\t\t\t\t<div class=\"cm-post-content\">\r\n\t\t\t\t\t<div class=\"cm-entry-header-meta\"><div class=\"cm-post-categories\"><a href=\"https:\/\/clg-peguy-lechesnay.ac-versailles.fr\/?cat=4\" style=\"background:#2d933d\" rel=\"category tag\">Actualit\u00e9s<\/a><\/div><\/div>\t\t<h3 class=\"cm-entry-title\">\r\n\t\t\t<a href=\"https:\/\/clg-peguy-lechesnay.ac-versailles.fr\/?p=10806\" title=\"Meilleurs v\u0153ux 2026 !\">\r\n\t\t\t\tMeilleurs v\u0153ux 2026 !\t\t\t<\/a>\r\n\t\t<\/h3>\r\n\t\t<div class=\"cm-below-entry-meta \"><span class=\"cm-post-date\"><a href=\"https:\/\/clg-peguy-lechesnay.ac-versailles.fr\/?p=10806\" title=\"15 h 32 min\" rel=\"bookmark\"><svg class=\"cm-icon cm-icon--calendar-fill\" xmlns=\"http:\/\/www.w3.org\/2000\/svg\" viewBox=\"0 0 24 24\"><path d=\"M21.1 6.6v1.6c0 .6-.4 1-1 1H3.9c-.6 0-1-.4-1-1V6.6c0-1.5 1.3-2.8 2.8-2.8h1.7V3c0-.6.4-1 1-1s1 .4 1 1v.8h5.2V3c0-.6.4-1 1-1s1 .4 1 1v.8h1.7c1.5 0 2.8 1.3 2.8 2.8zm-1 4.6H3.9c-.6 0-1 .4-1 1v7c0 1.5 1.3 2.8 2.8 2.8h12.6c1.5 0 2.8-1.3 2.8-2.8v-7c0-.6-.4-1-1-1z\"><\/path><\/svg> <time class=\"entry-date published updated\" datetime=\"2026-01-01T15:32:43+01:00\">1 janvier 2026<\/time><\/a><\/span>\r\n\t\t<span class=\"cm-author cm-vcard\">\r\n\t\t\t<svg class=\"cm-icon cm-icon--user\" xmlns=\"http:\/\/www.w3.org\/2000\/svg\" viewBox=\"0 0 24 24\"><path d=\"M7 7c0-2.8 2.2-5 5-5s5 2.2 5 5-2.2 5-5 5-5-2.2-5-5zm9 7H8c-2.8 0-5 2.2-5 5v2c0 .6.4 1 1 1h16c.6 0 1-.4 1-1v-2c0-2.8-2.2-5-5-5z\"><\/path><\/svg>\t\t\t<a class=\"url fn n\"\r\n\t\t\thref=\"https:\/\/clg-peguy-lechesnay.ac-versailles.fr\/?author=2028\"\r\n\t\t\ttitle=\"NOGARO Eric\"\r\n\t\t\t>\r\n\t\t\t\tNOGARO Eric\t\t\t<\/a>\r\n\t\t<\/span>\r\n\r\n\t\t<\/div>\r\n\t\t\t\t\t\t\t\t\t<\/div>\r\n\t\t\t<\/div>\r\n\r\n\t\t\t<\/div><\/div><div id=\"panel-761-0-1-2\" class=\"so-panel widget widget_text panel-last-child\" data-index=\"3\" ><h3 class=\"widget-title\">Documents utiles<\/h3>\t\t\t<div class=\"textwidget\"><p>\u00e0 para\u00eetre&#8230;<\/p>\n<\/div>\n\t\t<\/div><\/div><\/div><\/div>","protected":false},"excerpt":{"rendered":"<p>Les conseillers principaux d&rsquo;\u00e9ducation avec leurs \u00e9quipes \u00e9ducatives de vie scolaire, participent aux activit\u00e9s \u00e9ducatives du second degr\u00e9. Les fonctions<\/p>\n","protected":false},"author":2028,"featured_media":0,"parent":0,"menu_order":0,"comment_status":"closed","ping_status":"closed","template":"","meta":{"colormag_page_container_layout":"default_layout","colormag_page_sidebar_layout":"default_layout","_crdt_document":"","footnotes":""},"class_list":["post-761","page","type-page","status-publish","hentry"],"_links":{"self":[{"href":"https:\/\/clg-peguy-lechesnay.ac-versailles.fr\/index.php?rest_route=\/wp\/v2\/pages\/761","targetHints":{"allow":["GET"]}}],"collection":[{"href":"https:\/\/clg-peguy-lechesnay.ac-versailles.fr\/index.php?rest_route=\/wp\/v2\/pages"}],"about":[{"href":"https:\/\/clg-peguy-lechesnay.ac-versailles.fr\/index.php?rest_route=\/wp\/v2\/types\/page"}],"author":[{"embeddable":true,"href":"https:\/\/clg-peguy-lechesnay.ac-versailles.fr\/index.php?rest_route=\/wp\/v2\/users\/2028"}],"replies":[{"embeddable":true,"href":"https:\/\/clg-peguy-lechesnay.ac-versailles.fr\/index.php?rest_route=%2Fwp%2Fv2%2Fcomments&post=761"}],"version-history":[{"count":12,"href":"https:\/\/clg-peguy-lechesnay.ac-versailles.fr\/index.php?rest_route=\/wp\/v2\/pages\/761\/revisions"}],"predecessor-version":[{"id":8210,"href":"https:\/\/clg-peguy-lechesnay.ac-versailles.fr\/index.php?rest_route=\/wp\/v2\/pages\/761\/revisions\/8210"}],"wp:attachment":[{"href":"https:\/\/clg-peguy-lechesnay.ac-versailles.fr\/index.php?rest_route=%2Fwp%2Fv2%2Fmedia&parent=761"}],"curies":[{"name":"wp","href":"https:\/\/api.w.org\/{rel}","templated":true}]}}